{"id":463,"date":"2024-09-24T06:27:55","date_gmt":"2024-09-24T06:27:55","guid":{"rendered":"https:\/\/1xbets.plus\/congo\/?page_id=463"},"modified":"2026-05-13T12:18:45","modified_gmt":"2026-05-13T12:18:45","slug":"login","status":"publish","type":"page","link":"https:\/\/1xbets.plus\/congo\/login\/","title":{"rendered":"Connexion"},"content":{"rendered":"","protected":false},"excerpt":{"rendered":"","protected":false},"author":1,"featured_media":0,"parent":0,"menu_order":0,"comment_status":"closed","ping_status":"closed","template":"","meta":{"footnotes":""},"class_list":["post-463","page","type-page","status-publish","hentry"],"yoast_head":"<!-- This site is optimized with the Yoast SEO plugin v26.2 - https:\/\/yoast.com\/wordpress\/plugins\/seo\/ -->\n<title>Connexion \u00e0 1xBet Congo \u1409 Paris sportifs et casino<\/title>\n<meta name=\"description\" content=\"Comment se connecter \u00e0 son compte 1xBet | Proc\u00e9dure de connexion \u00e0 1xBet \u2713 Connexion mobile \u00e0 1xBet \u2713 Notre guide vous explique \u00e9tape par \u00e9tape comment vous inscrire sur le site 1xBet et vous connecter rapidement \u00e0 votre compte\" \/>\n<meta name=\"robots\" content=\"index, follow, max-snippet:-1, max-image-preview:large, max-video-preview:-1\" \/>\n<meta property=\"og:locale\" content=\"fr_FR\" \/>\n<meta property=\"og:type\" content=\"article\" \/>\n<meta property=\"og:title\" content=\"Connexion \u00e0 1xBet Congo \u1409 Paris sportifs et casino\" \/>\n<meta property=\"og:description\" content=\"Comment se connecter \u00e0 son compte 1xBet | Proc\u00e9dure de connexion \u00e0 1xBet \u2713 Connexion mobile \u00e0 1xBet \u2713 Notre guide vous explique \u00e9tape par \u00e9tape comment vous inscrire sur le site 1xBet et vous connecter rapidement \u00e0 votre compte\" \/>\n<meta property=\"og:url\" content=\"https:\/\/1xbets.plus\/congo\/login\/\" \/>\n<meta property=\"og:site_name\" content=\"1xbet Boost cd\" \/>\n<meta property=\"article:modified_time\" content=\"2026-05-13T12:18:45+00:00\" \/>\n<meta name=\"twitter:card\" content=\"summary_large_image\" \/>\n<script type=\"application\/ld+json\" class=\"yoast-schema-graph\">{\"@context\":\"https:\/\/schema.org\",\"@graph\":[{\"@type\":\"WebPage\",\"@id\":\"https:\/\/1xbets.plus\/congo\/login\/\",\"url\":\"https:\/\/1xbets.plus\/congo\/login\/\",\"name\":\"Connexion \u00e0 1xBet Congo \u1409 Paris sportifs et casino\",\"isPartOf\":{\"@id\":\"https:\/\/1xbets.plus\/congo\/#website\"},\"datePublished\":\"2024-09-24T06:27:55+00:00\",\"dateModified\":\"2026-05-13T12:18:45+00:00\",\"description\":\"Comment se connecter \u00e0 son compte 1xBet | Proc\u00e9dure de connexion \u00e0 1xBet \u2713 Connexion mobile \u00e0 1xBet \u2713 Notre guide vous explique \u00e9tape par \u00e9tape comment vous inscrire sur le site 1xBet et vous connecter rapidement \u00e0 votre compte\",\"inLanguage\":\"fr-CD\",\"potentialAction\":[{\"@type\":\"ReadAction\",\"target\":[\"https:\/\/1xbets.plus\/congo\/login\/\"]}]},{\"@type\":\"WebSite\",\"@id\":\"https:\/\/1xbets.plus\/congo\/#website\",\"url\":\"https:\/\/1xbets.plus\/congo\/\",\"name\":\"1xbet Boost cd\",\"description\":\"My WordPress Blog\",\"potentialAction\":[{\"@type\":\"SearchAction\",\"target\":{\"@type\":\"EntryPoint\",\"urlTemplate\":\"https:\/\/1xbets.plus\/congo\/?s={search_term_string}\"},\"query-input\":{\"@type\":\"PropertyValueSpecification\",\"valueRequired\":true,\"valueName\":\"search_term_string\"}}],\"inLanguage\":\"fr-CD\"}]}<\/script>\n<!-- \/ Yoast SEO plugin. -->","yoast_head_json":{"title":"Connexion \u00e0 1xBet Congo \u1409 Paris sportifs et casino","description":"Comment se connecter \u00e0 son compte 1xBet | Proc\u00e9dure de connexion \u00e0 1xBet \u2713 Connexion mobile \u00e0 1xBet \u2713 Notre guide vous explique \u00e9tape par \u00e9tape comment vous inscrire sur le site 1xBet et vous connecter rapidement \u00e0 votre compte","robots":{"index":"index","follow":"follow","max-snippet":"max-snippet:-1","max-image-preview":"max-image-preview:large","max-video-preview":"max-video-preview:-1"},"og_locale":"fr_FR","og_type":"article","og_title":"Connexion \u00e0 1xBet Congo \u1409 Paris sportifs et casino","og_description":"Comment se connecter \u00e0 son compte 1xBet | Proc\u00e9dure de connexion \u00e0 1xBet \u2713 Connexion mobile \u00e0 1xBet \u2713 Notre guide vous explique \u00e9tape par \u00e9tape comment vous inscrire sur le site 1xBet et vous connecter rapidement \u00e0 votre compte","og_url":"https:\/\/1xbets.plus\/congo\/login\/","og_site_name":"1xbet Boost cd","article_modified_time":"2026-05-13T12:18:45+00:00","twitter_card":"summary_large_image","schema":{"@context":"https:\/\/schema.org","@graph":[{"@type":"WebPage","@id":"https:\/\/1xbets.plus\/congo\/login\/","url":"https:\/\/1xbets.plus\/congo\/login\/","name":"Connexion \u00e0 1xBet Congo \u1409 Paris sportifs et casino","isPartOf":{"@id":"https:\/\/1xbets.plus\/congo\/#website"},"datePublished":"2024-09-24T06:27:55+00:00","dateModified":"2026-05-13T12:18:45+00:00","description":"Comment se connecter \u00e0 son compte 1xBet | Proc\u00e9dure de connexion \u00e0 1xBet \u2713 Connexion mobile \u00e0 1xBet \u2713 Notre guide vous explique \u00e9tape par \u00e9tape comment vous inscrire sur le site 1xBet et vous connecter rapidement \u00e0 votre compte","inLanguage":"fr-CD","potentialAction":[{"@type":"ReadAction","target":["https:\/\/1xbets.plus\/congo\/login\/"]}]},{"@type":"WebSite","@id":"https:\/\/1xbets.plus\/congo\/#website","url":"https:\/\/1xbets.plus\/congo\/","name":"1xbet Boost cd","description":"My WordPress Blog","potentialAction":[{"@type":"SearchAction","target":{"@type":"EntryPoint","urlTemplate":"https:\/\/1xbets.plus\/congo\/?s={search_term_string}"},"query-input":{"@type":"PropertyValueSpecification","valueRequired":true,"valueName":"search_term_string"}}],"inLanguage":"fr-CD"}]}},"_links":{"self":[{"href":"https:\/\/1xbets.plus\/congo\/wp-json\/wp\/v2\/pages\/463","targetHints":{"allow":["GET"]}}],"collection":[{"href":"https:\/\/1xbets.plus\/congo\/wp-json\/wp\/v2\/pages"}],"about":[{"href":"https:\/\/1xbets.plus\/congo\/wp-json\/wp\/v2\/types\/page"}],"author":[{"embeddable":true,"href":"https:\/\/1xbets.plus\/congo\/wp-json\/wp\/v2\/users\/1"}],"replies":[{"embeddable":true,"href":"https:\/\/1xbets.plus\/congo\/wp-json\/wp\/v2\/comments?post=463"}],"version-history":[{"count":17,"href":"https:\/\/1xbets.plus\/congo\/wp-json\/wp\/v2\/pages\/463\/revisions"}],"predecessor-version":[{"id":954,"href":"https:\/\/1xbets.plus\/congo\/wp-json\/wp\/v2\/pages\/463\/revisions\/954"}],"wp:attachment":[{"href":"https:\/\/1xbets.plus\/congo\/wp-json\/wp\/v2\/media?parent=463"}],"curies":[{"name":"wp","href":"https:\/\/api.w.org\/{rel}","templated":true}]}}